digit of 469700695?
5
What is the millions digit of 12205832?
2
What is the millions digit of 2610299555?
0
What is the ten millions digit of 3751713576?
5
What is the hundred thousands digit of 31481489?
4
What is the thousands digit of 52433360?
3
What is the hundreds digit of 40750995?
9
What is the ten millions digit of 119115579?
1
What is the thousands digit of 4093685207?
5
What is the thousands digit of 2246585989?
5
What is the millions digit of 633915315?
3
What is the ten millions digit of 589071719?
8
What is the hundred thousands digit of 88288060?
2
What is the ten thousands digit of 98688606?
8
What is the hundred thousands digit of 7177297362?
2
What is the units digit of 87314377?
7
What is the units digit of 40530367?
7
What is the tens digit of 1350427083?
8
What is the billions digit of 1024618705?
1
What is the millions digit of 1769510856?
9
What is the thousands digit of 43094980?
4
What is the units digit of 2905344998?
8
What is the millions digit of 2377309808?
7
What is the tens digit of 752073923?
2
What is the hundred thousands digit of 18435567?
4
What is the hundred millions digit of 112982237?
1
What is the millions digit of 113295681?
3
What is the billions digit of 1402411476?
1
What is the ten thousands digit of 72474817?
7
What is the millions digit of 769684823?
9
What is the ten millions digit of 3344066688?
4
What is the hundred thousands digit of 207775407?
7
What is the millions digit of 1107051527?
7
What is the ten thousands digit of 138673791?
7
What is the millions digit of 10307847?
0
What is the ten thousands digit of 115099349?
9
What is the hundreds digit of 4494179751?
7
What is the tens digit of 135141866?
6
What is the tens digit of 2191355395?
9
What is the thousands digit of 53281481?
1
What is the ten millions digit of 729300381?
2
What is the units digit of 50846997?
7
What is the hundred thousands digit of 469265211?
2
What is the hundred millions digit of 245718090?
2
What is the thousands digit of 1117027148?
7
What is the hundred thousands digit of 264449255?
4
What is the hundreds digit of 271516886?
8
What is the thousands digit of 2081001822?
1
What is the units digit of 96944203?
3
What is the ten thousands digit of 145406581?
0
What is the ten millions digit of 2046361118?
4
What is the tens digit of 624117433?
3
What is the hundred millions digit of 4367028366?
3
What is the thousands digit of 112207494?
7
What is the hundreds digit of 671123324?
3
What is the hundred millions digit of 1174363489?
1
What is the millions digit of 694127814?
4
What is the hundreds digit of 110227995?
9
What is the tens digit of 1282857629?
2
What is the hundreds digit of 240692065?
0
What is the ten thousands digit of 8480010?
8
What is the units digit of 1387423397?
7
What is the thousands digit of 1582761?
2
What is the units digit of 28651331?
1
What is the ten millions digit of 20718917?
2
What is the ten millions digit of 66147958?
6
What is the ten millions digit of 2571722401?
7
What is the hundred thousands digit of 1830285393?
2
What is the hundred thousands digit of 81953212?
9
What is the hundreds digit of 294094007?
0
What is the hundred thousands digit of 182242709?
2
What is the ten millions digit of 247065045?
4
What is the millions digit of 488824289?
8
What is the millions digit of 62999090?
2
What is the hundreds digit of 646983649?
6
What is the units digit of 40854329?
9
What is the tens digit of 6313567?
6
What is the hundreds digit of 2982215309?
3
What is the ten millions digit of 12897552?
1
What is the ten millions digit of 696690271?
9
What is the units digit of 17301454?
4
What is the millions digit of 122632523?
2
What is the hundreds digit of 3128897003?
0
What is the units digit of 64148038?
8
What is the ten millions digit of 5396783827?
9
What is the ten thousands digit of 49626806?
2
What is the units digit of 54774238?
8
What is the ten thousands digit of 215983654?
8
What is the thousands digit of 95109768?
9
What is the ten millions digit of 31467969?
3
What is the units digit of 99785203?
3
What is the thousands digit of 11632089?
2
What is the millions digit of 2200383813?
0
What is the ten thousands digit of 2139553041?
5
What is the ten thousands digit of 3392321743?
2
What is the hundreds digit of 53527969?
9
What is the millions digit of 5502178147?
2
What is the hundreds digit of 189183964?
9
What is the thousands digit of 25034590?
4
What is the tens digit of 1086339709?
0
What is the units digit of 45611856?
6
What is the thousands digit of 46104351?
4
What is the ten thousands digit of 380828516?
2
What is the ten thousands digit of 121943460?
4
What is the ten millions digit of 27899990?
2
What is the ten millions digit of 57232091?
5
What is the thousands digit of 244452845?
2
What is the hundreds digit of 50727556?
5
What is the hundred millions digit of 1622856671?
6
What is the millions digit of 8926329?
8
What is the thousands digit of 55460304?
0
What is the tens digit of 216744766?
6
What is the ten millions digit of 3836480512?
3
What is the thousands digit of 89554497?
4
What is the ten millions digit of 767484945?
6
What is the hundred millions digit of 2714439407?
7
What is the ten millions digit of 2476804753?
7
What is the hundreds digit of 42402661?
6
What is the units digit of 16282220?
0
What is the hundred thousands digit of 85687402?
6
What is the ten thousands digit of 115737169?
3
What is the thousands digit of 47834126?
4
What is the ten millions digit of 1296829470?
9
What is the ten millions digit of 1479941870?
7
What is the ten millions digit of 70318438?
7
What is the hundred thousands digit of 1130470222?
4
What is the ten millions digit of 163190013?
6
What is the hundreds digit of 11039009?
0
What is the thousands digit of 693150280?
0
What is the hundreds digit of 1646061396?
3
What is the hundred millions digit of 132506790?
1
What is the ten thousands digit of 50258575?
5
What is the hundreds digit of 832195967?
9
What is the hundred thousands digit of 3119446407?
4
What is the hundreds digit of 24158780?
7
What is the millions digit of 453181768?
3
What is the hundreds digit of 187200572?
5
What is the thousands digit of 1371588727?
8
What is the thousands digit of 2994670420?
0
What is the thousands digit of 23110263?
0
What is the ten thousands digit of 17105872?
0
What is the hundred millions digit of 3211359001?
2
What is the hundreds digit of 81358274?
2
What is the units digit of 37280753?
3
What is the tens digit of 957115030?
3
What is the ten millions digit of 1016599396?
1
What is the hundred thousands digit of 130000106?
0
What is the ten millions digit of 65215062?
6
What is the ten thousands digit of 2786545990?
4
What is the hundreds digit of 446327098?
0
What is the units digit of 387546758?
8
What is the ten millions digit of 79189600?
7
What is the hundred millions digit of 2377952002?
3
What is the hundreds digit of 17492612?
6
What is the ten millions digit of 265651293?
6
What is the hundred millions digit of 2339129555?
3
What is the hundred millions digit of 1321994892?
3
What is the ten millions digit of 1615570615?
1
What is the units digit of 49062011?
1
What is the millions digit of 930809873?
0
What is the hundred thousands digit of 46252848?
2
What is the thousands digit of 166343491?
3
What is the ten millions digit of 191253647?
9
What is the hundred thousands digit of 19376462?
3
What is the hundreds digit of 2092141993?
9
What is the thousands digit of 1582179213?
9
What is the ten thousands digit of 130437731?
3
What is the thousands digit of 62432282?
2
What is the units digit of 33105?
5
What is the tens digit of 2434893659?
5
What is the hundred thousands digit of 41300561?
3
What is the millions digit of 1084674238?
4
What is the units digit of 875232223?
3
What is the hundred thousands digit of 843296032?
2
What is the billions digit of 1468533164?
1
What is the ten millions digit of 1073546913?
7
What is the ten millions digit of 4109177615?
0
What is the tens digit of 5319646755?
5
What is the ten millions digit of 39731763?
3
What is the thousands digit of 33140136?
0
What is the units digit of 6567030?
0
What is the tens digit of 199422450?
5
What is the hundreds digit of 